emainder when 80/3*15/10 is divided by j.
19
Let h(r) = r**3 - 12*r**2 + 13*r - 9. What is the remainder when 35 is divided by h(11)?
9
Let f = 101 - 52. Calculate the remainder when f is divided by 19.
11
Suppose 2*f - 40 = -x - 12, x = -f + 27. Calculate the remainder when x is divided by 9.
8
Let l be (3/((-6)/(-70)))/(-1). Let o be 12/5 - 21/l. Calculate the remainder when 59 is divided by (o/9)/((-3)/(-135)).
14
What is the remainder when 27 is divided by (2/2)/(7/98)?
13
Let k(h) = -h**2 + h + 17. Calculate the remainder when 48 is divided by k(0).
14
Let p(t) = -3*t + 3. Let n be p(-9). Calculate the remainder when 14 is divided by (2/(-4))/((-3)/n).
4
Let v(d) = -d**2 - 12*d - 10. What is the remainder when 42 is divided by v(-8)?
20
Suppose -3*q = -0*q + 5*r - 55, -2*q - 3*r = -36. What is the remainder when 43 is divided by q?
13
Let s(y) = 6*y**2 + 2*y - 1. Let v be s(1). Suppose 0 = -x - 3 + v. Let p = -6 - -9. Calculate the remainder when x is divided by p.
1
Let z = -2 - -3. Let o(m) = -2*m + 0 - 6 - z. Calculate the remainder when 8 is divided by o(-6).
3
Let t = 241 - 167. Calculate the remainder when t is divided by 11.
8
Let o(x) = -6*x**3 + 46*x**2 + 21*x - 19. Let v(n) = -n**3 + 9*n**2 + 4*n - 4. Let l(u) = -2*o(u) + 11*v(u). Calculate the remainder when l(-6) is divided by 7.
4
Suppose p + 39 = 4*p. Let c(x) = 2*x - 5. Let a be c(4). Suppose -3*y + y + 2 = -a*i, -i = 5*y - 39. What is the remainder when p is divided by y?
6
Let b(f) = -f**3 + 17. Suppose 9*r = 4*r. What is the remainder when 82 is divided by b(r)?
14
Let y = 16 - 6. Calculate the remainder when 28 is divided by y.
8
Let s = -263 - -449. What is the remainder when s is divided by 21?
18
Let a = -26 + 42. What is the remainder when 45 is divided by a?
13
Let p = -60 + 109. What is the remainder when p is divided by 0/2 + (6 - -11)?
15
Suppose 98 = 5*s - 4*j, 0*s = 4*s - 2*j - 76. What is the remainder when s is divided by 11?
7
Suppose -56*s = -59*s + 33. What is the remainder when s is divided by 7?
4
Let i = -32 + -62. Let z = i + 132. Calculate the remainder when z is divided by 14.
10
Let s = 24 + -12. Let f(c) = c**2 - c + 21. Suppose 0 = -0*y + 3*y. Calculate the remainder when f(y) is divided by s.
9
Suppose -17 - 11 = 2*r. What is the remainder when (-2)/3 + (-82)/(-6) is divided by 6/4*r/(-3)?
6
Let x = 6 - 13. Let p(q) = -q + 9. Suppose -b + 3*m = -58, 2*b - 2*m = -m + 121. Calculate the remainder when b is divided by p(x).
13
Let j be (-4 + (4 - 1))*-3. What is the remainder when 33 is divided by ((-34)/6)/((-1)/j)?
16
Suppose 2*s - 4*s - 12 = 0. Let m be s + 2 - (-2 - -1). Let i(u) = 3*u**2 - 4*u + 1. Calculate the remainder when i(m) is divided by 14.
12
What is the remainder when 46 is divided by (-3)/(2 - (-85)/(-40))?
22
Let z = 1 - -18. What is the remainder when z is divided by 11?
8
Let m be (-205)/(-7) + 4/(-14). Let b be 70/(2*(-4)/(-4)). Suppose b = 2*o - m. Calculate the remainder when o is divided by 11.
10
Let b = -2 - 2. Calculate the remainder when 3/b + (-402)/(-24) is divided by (-46)/(-8) - (-1)/4.
4
Let l = 4 - -8. Calculate the remainder when 57 is divided by l.
9
Suppose -j - 4*j = -60. Let l = j + -3. What is the remainder when l is divided by 2*-1*(-15)/6?
4
Suppose 22*j - 105 = -17. Calculate the remainder when j is divided by (-1 - -3)*(0 - -1).
0
Suppose 0 = 3*d - 267 + 144. What is the remainder when 201 is divided by d?
37
Let a = -3 - 1. Let y be (-6)/9*18/a. Suppose -s + 127 - 36 = 2*j, y*j = 3*s + 114. Calculate the remainder when j is divided by 22.
21
Suppose 5*k - 58 = -5*m - 18, 3*m + 53 = 4*k. Suppose -t + 0*t = -k. Suppose 5*r - 3*r = 64. Calculate the remainder when r is divided by t.
10
Let a(g) = -g**3 - 6*g**2 + 10*g + 3. Let f be a(-7). Calculate the remainder when 24 is divided by f/(-1 - 2 - -1).
6
Suppose -2*z = -3*z + 6. Suppose t = z*t - 55. What is the remainder when 43 is divided by t?
10
Let q be (-2)/(-9) - (-2)/(-9). Suppose -n = -4*g - 3*n + 60, q = -3*n. What is the remainder when 43 is divided by g?
13
Suppose -2*s + 2*g + 88 = 0, 2*g = 2*s + 7*g - 81. Let v(q) = 3*q + 3. Calculate the remainder when s is divided by v(4).
13
Let q(a) = -1 - 15*a + 14*a - 3. Let u be q(-4). Suppose -4*k - 4*g + 34 = -30, 2*k - 5*g + 3 = u. What is the remainder when 21 is divided by k?
10
Suppose 5*r - 4*i + 16 = 0, -7*r + 2*r - 5*i = -20. Suppose 0 = -5*y + 4*w + 65, -y - 5*w + r*w = -42. Calculate the remainder when 33 is divided by y.
16
Let z = 52 + -31. Let w(a) = a**2 - a - 1. Let i(v) = -4*v**2 - 3*v + 5. Let r(x) = i(x) + 3*w(x). What is the remainder when z is divided by r(-3)?
10
Let m be -1 - 4/((-4)/11). Let l = m + 45. Let t(y) = y**3 - 10*y**2 - 8*y - 14. Calculate the remainder when l is divided by t(11).
17
Suppose 50 = 4*p + 3*q, 3*p + 2*q - 29 = 8. Let m = -12 + 13. Let f = p - m. Calculate the remainder when 28 is divided by f.
8
Let f = 110 + -90. Calculate the remainder when 64 is divided by f.
4
Suppose -31 = 5*s - 196. Calculate the remainder when s is divided by 7.
5
Suppose 0*t + 54 = 3*t. Let i = 38 - t. What is the remainder when 39 is divided by i?
19
Let o = 53 + -52. Calculate the remainder when o is divided by 1.
0
Let c = 23 - -9. Suppose -4*z - 2*p = -7*p - 39, 2*z - 3*p = 19. Calculate the remainder when c is divided by z.
10
Suppose 4*b - 5*b + 120 = -5*t, 5*t = 10. Suppose 125 = 4*n + 4*u + 5, 0 = 5*n + u - b. Calculate the remainder when n is divided by 9.
7
Let c = 21 - -16. Calculate the remainder when c is divided by 13.
11
Let j(i) = 4*i - 2. Calculate the remainder when j(5) is divided by 7.
4
Suppose 7 = 5*i - 8. Suppose 3*y - 10 = 2*y. Calculate the remainder when y is divided by i.
1
Let u = -82 - -132. Let d(z) = -z**3 + 10*z**2 + 12*z + 2. Calculate the remainder when u is divided by d(11).
11
Let i(r) = -r - 4. Let u be i(-8). Suppose -2*z - 3*f - f = -22, -5*z = -u*f - 69. What is the remainder when (38/8)/(3/24) is divided by z?
12
Suppose 4*w - 3 = -19. What is the remainder when 25 is divided by 16 - (-5)/(10/w)?
11
Let k be (2 + (-3)/2)*0. Suppose k = -3*v - 9, 0 = n + 2*n + 5*v - 54. Let l = -17 + 25. Calculate the remainder when n is divided by l.
7
Let h(f) be the second derivative of f**3/6 + 51*f**2/2 - f. What is the remainder when h(0) is divided by 13?
12
Let v(h) = h. Let r = -8 + 6. Let y(o) = -8*o + 1. Calculate the remainder when y(r) is divided by v(6).
5
Let c(o) = o + 27. Let q(w) = 2*w**2 - w. Let m be q(-3). Let k = 35 - m. What is the remainder when c(0) is divided by k?
13
Let x(w) = 29*w**3 - w**2 + 1. Let j be x(-1). Let v = j - -45. What is the remainder when v is divided by 9?
7
Let p(g) = g**3 + 4*g**2 + 4*g + 3. Let s be (-1)/5 + 56/(-20). Let b be p(s). Let f = b - -13. What is the remainder when f is divided by 7?
6
Let f(k) = -6*k. Let g(q) = 2*q + 5. Let u be g(-5). Calculate the remainder when f(u) is divided by 16.
14
Let f(h) = -h**3 + 6*h**2 + h - 9. What is the remainder when 52 is divided by f(5)?
10
Suppose 0 = 7*u - 5*u - 58. What is the remainder when u is divided by 10?
9
Let n(y) = -2*y**2 - 3*y - 3. Let p(h) = -h**2. Let a(b) = n(b) - 3*p(b). Calculate the remainder when 20 is divided by a(-2).
6
Suppose 0 = -u - 7 - 14. Let i(a) = -a**3 + 7*a**2 + 10*a - 12. What is the remainder when u/(-2) + (-3)/6 is divided by i(8)?
2
Calculate the remainder when 89 is divided by (-23)/(-2 + 5 + -4).
20
Let p(x) = x**3 - 4*x**2 - 3*x - 4. Suppose 3*o = o + 10. Calculate the remainder when p(o) is divided by 4.
2
Calculate the remainder when 31 is divided by (-1 + 2/4)*-34*1.
14
Let i(o) = -8*o**3 + o. Let y(t) = -t**3 - 9*t**2 - 11*t - 4. What is the remainder when y(-8) is divided by i(-1)?
6
Let i = 54 + -39. What is the remainder when 39 is divided by i?
9
Suppose -2*w - 32 = -4*w. What is the remainder when 60 - 6*(-5)/10 is divided by w?
15
Let d(m) = -6*m**3 - 3*m**2 + 3*m + 3. Let z be d(-3). Let y = z - 85. Suppose 8*j = 4*j + y. Calculate the remainder when 20 is divided by j.
9
Suppose -3*k = -k - 10. Calculate the remainder when k is divided by 36/20 + -1*(-5)/25.
1
Let x = 6 + 54. Suppose -5*r = -2*g - x, g + 82 = 5*r + 17. What is the remainder when 54 is divided by r?
12
Suppose 3*n + 31 = 3*f - 32, -4*n = 3*f 